 - 4*j + 6*j - 108, -5*j - 49 = -2*a. Calculate the greatest common divisor of l and a.
22
Let m be ((-2)/(-10)*-2)/((-7)/(-840)). Let t = m + 69. Calculate the highest common divisor of 63 and t.
21
Let j(q) = 3 + 0*q**2 - q - 5*q - 5*q**2 + q**2. Let g be j(4). Let i be (102/g)/((-6)/100). What is the greatest common divisor of i and 20?
20
Let o(k) = -k**2 + k - 1. Let m(y) = -y**3 - 9*y**2 + 10*y + 9. Let n(l) = m(l) - 2*o(l). Let i be n(-10). What is the highest common divisor of i and 21?
21
Let v be 0/(3 + -1) - -60. Let k = -733 + 745. Calculate the highest common factor of k and v.
12
Let x = 95 - 58. Let i = 52 - x. Suppose 0 = -5*t + g + 222, -3*t - 4*g + 57 = -2*t. Calculate the highest common divisor of t and i.
15
Suppose 5*l = 25 + 35. Suppose 4*d + 27 = -5*c, 3*c - d + 3*d = -15. Let z(w) = -46*w - 6. Let p be z(c). What is the greatest common factor of l and p?
12
Let r be (5/(-10))/((-3)/336) - -4. What is the highest common factor of 24 and r?
12
Let s be 30/4*12/15. What is the highest common divisor of s and 16?
2
Let h be (6 + 1)*6/3. Suppose 5*v = -226 + 16. Let f = h - v. Calculate the highest common factor of 7 and f.
7
Let v(t) = t**2 - 18*t - 166. Let q be v(-11). Calculate the highest common divisor of 68 and q.
17
Suppose -5*f + 136 = -614. Suppose h = 0, -4*j + f + 202 = -2*h. Let i(r) = -3*r + 41. Let q be i(10). What is the greatest common factor of j and q?
11
Suppose -g + 9*v + 48 = 12*v, 192 = 3*g - 3*v. Calculate the greatest common divisor of g and 1110.
30
Let y(v) = 7*v**2 - 3*v + 2. Let q be y(2). Let c = -79 - -139. Calculate the highest common divisor of c and q.
12
Suppose 0 = w + 3*p - 148, 0*w - 2*p = w - 152. What is the highest common divisor of w and 20?
20
Let l = 1012 - 1011. What is the greatest common factor of l and 79?
1
Suppose 21*m - 440 = 10*m. What is the highest common factor of 90 and m?
10
Let r = 32 + -2. Suppose -r = -7*i + 2*i. Let p be (7/(-7))/(3/(-18)). What is the greatest common factor of i and p?
6
Let c be -65*(-66)/51 - 14/119. What is the highest common factor of c and 693?
21
Let s = 74 - 98. Let q be (1 - 100/16)/(9/s). Calculate the highest common factor of 35 and q.
7
Let l(z) = -23*z + 1696. Let s be l(0). Calculate the greatest common divisor of s and 32.
32
Let c be -8 - 3004/(10/(-5)) - -7. Calculate the highest common divisor of 38 and c.
19
Let o = 38 + -23. Let b = -64 + 79. What is the greatest common factor of b and o?
15
Suppose -2237*d + 1520 = -2229*d. Calculate the highest common factor of 150 and d.
10
Let d be (-6)/(-1) + -2 - (-30 - 1253). What is the highest common divisor of d and 33?
33
Suppose -81*v - 28*v + 1475 = -1468. Let y be (0 - 2) + (0 - -38). What is the greatest common divisor of y and v?
9
Let t(r) = -r**3 + 5*r**2 + 3*r - 10. Suppose -15 = 4*q - 7*q. Let m be t(q). Let n(p) = 4*p + 9. Let u be n(9). What is the greatest common divisor of m and u?
5
Suppose 4*j + 0*j = 176. Calculate the greatest common divisor of 220 and j.
44
Suppose -34 = -2*u + 102. Let b(k) = -14*k + 3. Let w be b(-1). What is the highest common divisor of w and u?
17
Let y = -9 - -18. Let g = -11 + y. Let q = 30 + g. Calculate the greatest common divisor of q and 252.
28
Suppose -5 = -5*r - 15*f + 11*f, 2*f = 5*r - 35. What is the highest common divisor of 6 and r?
1
Let h(q) = -66*q - 351. Let u be h(-6). What is the highest common divisor of 144 and u?
9
Let i = 156 + -121. Suppose 5 + 21 = 2*q. Let p = 18 - q. Calculate the greatest common factor of p and i.
5
Let v be -2 - -9 - 2799/(-9). Calculate the highest common divisor of 6 and v.
6
Let q = 22 + -12. Let n be q/(-5) - -5 - -45. Calculate the greatest common divisor of n and 12.
12
Let j = -1692 + 2316. Calculate the greatest common factor of 32 and j.
16
Let r(h) = h - 19. Let x be r(20). What is the greatest common divisor of x and 31?
1
Suppose -2*b + 34 = 2*u - 4*b, -4*u + 40 = 3*b. Suppose -u = -4*w - 4*y + y, -2*w = 5*y + 11. What is the greatest common divisor of w and 7?
7
Let z be 0 - (-1 + -1) - 2. Let d be -1*(z + 0) + 10. Suppose -4*x + 205 = -5*b, -5*x + 254 = -0*x - 4*b. What is the highest common factor of d and x?
10
Let w = -1546 - -1652. Calculate the highest common divisor of w and 424.
106
Let v be 3 + 0 - (-3 + -5). Suppose -2*z = -3*p + 7, z - p - 11 = 2*z. Let d = z + v. Calculate the greatest common divisor of d and 27.
3
Let y = -82 + 114. What is the highest common divisor of y and 304?
16
Suppose i - 3*i + 60 = 0. Let z = -1364 - -1409. Calculate the highest common factor of z and i.
15
Suppose 5*l - 3*z - 235 = 2*z, 0 = 4*l + 4*z - 172. Calculate the greatest common factor of 15 and l.
15
Let d(n) be the second derivative of 11*n**3/3 + 6*n**2 - 10*n. Let r be d(4). What is the highest common divisor of 25 and r?
25
Suppose -33*w + 37*w - 3*t - 528 = 0, -2*t = -3*w + 397. Calculate the highest common factor of 5 and w.
5
Let y(d) = -d**3 - 10*d**2 + 10*d - 10. Let g be y(-11). Suppose o - 89 = g. What is the greatest common divisor of 6 and o?
6
Let o = 0 + 22. Let c be (-2)/(0 + -1) - 0. What is the greatest common factor of c and o?
2
Let h be 143 + (-7)/3*-3. Calculate the highest common factor of h and 30.
30
Let k be ((432/(-28))/(-2))/(1/7). Let x = 2252 - 1208. Let c be x/k + (-2)/(-3). Calculate the greatest common divisor of 180 and c.
20
Let o = 10 - 6. Let t = -814 - -834. What is the highest common divisor of t and o?
4
Let m(p) be the first derivative of p**2/2 + 21*p + 13. Let s be m(15). Calculate the greatest common divisor of s and 24.
12
Let u be 58/(-1 + 3 + -1). Let k = u - 16. Calculate the greatest common divisor of 6 and k.
6
Let b = 73 + -51. Calculate the greatest common divisor of 374 and b.
22
Suppose 17*k + 11 = 28. Let y(o) = -2*o + 11. Let t be y(0). What is the highest common divisor of k and t?
1
Let p = 133 + 25. Let c = -100 + p. Let y(v) = 35*v**2 - 3*v - 1. Let l be y(-2). What is the highest common divisor of l and c?
29
Suppose 38 = 3*n - 136. Let s = -33 + n. Let b be -5 + 8 - (-544)/2. Calculate the highest common factor of b and s.
25
Let h = 177 - 174. Calculate the greatest common divisor of h and 33.
3
Suppose 0 = -14*w + 19*w. Suppose 4*g - 66 - 102 = w. Suppose 4*q - 56 = 2*q. What is the greatest common factor of q and g?
14
Suppose -2*z = -4*a + 148, 4*a - z = 5*a - 37. What is the highest common divisor of a and 296?
37
Suppose -2*p = 4*b - 1466, -2928 = -4*p - b - 3*b. Calculate the greatest common factor of 51 and p.
17
Let f be 36/270 - 444/(-45). Let k = -23 - -48. What is the greatest common divisor of f and k?
5
Let j = 24 + -7. Suppose 6*t - 4 = 2*t, -5*k + 5*t - 25 = 0. Let p = k - -38. Calculate the highest common divisor of j and p.
17
Suppose 2*g + 0*t - 30 = 4*t, -10 = -5*g - 3*t. Calculate the greatest common divisor of g and 40.
5
Let a be 1/(-2 - -1)*-2. Suppose 7*k - 6*k = 0. Suppose -55 = -3*l + 5*p, 0 = 2*l - k*p - a*p - 42. What is the highest common factor of 25 and l?
25
Let w = -60 - -315. What is the greatest common factor of w and 45?
15
Let k = 2617 - 2573. Calculate the greatest common divisor of k and 264.
44
Suppose 50 = 5*w - 0. Let o = 193 + -178. Calculate the highest common divisor of w and o.
5
Suppose 528 = -2*a + 6*a. Let z be ((1 + 9)/5)/(-2). Let f be (-14)/z - (8 - 6). What is the greatest common divisor of f and a?
12
Suppose -428 = -7*g + 972. What is the highest common factor of g and 1100?
100
Suppose -1 = -5*j + v, 6*v = 3*v - 3. Suppose 0 = 2*i - 10, j = -m - 3*i - 26 + 223. Calculate the highest common divisor of m and 14.
14
Let a = -14 - -238. Let m = 40 + -12. What is the greatest common divisor of a and m?
28
Suppose 0 = 4*r + k - 10, 0*k + 6 = 3*k. Suppose -2 = 3*w - w + 2*a, -2*w + 4*a = -22. Let y be w - (3 - (r + 1)). What is the highest common factor of 3 and y?
3
Suppose -3*d + d + 12 = 0. Let c = -144 + 81. Let l be -1*c*1 + 3. What is the greatest common factor of l and d?
6
Suppose 50*b + 495 = 59*b. Calculate the greatest common divisor of 25 and b.
5
Suppose 6*q + 10 = 94. Suppose -6*u + 30 = -u. Let o be (-5)/((-15)/u)*7. What is the highest common factor of o and q?
14
Suppose -607 = -37*q + 355. Calculate the highest common divisor of 403 and q.
13
Let m(t) = 120*